3*g - 7. Calculate the remainder when 53 is divided by m(k).
9
Suppose -4*p = -6 + 2. Let i(t) = 27*t**3 - 1. Let l be i(p). Let c = 4 + l. What is the remainder when 87 is divided by c?
27
Let k(u) = -2*u**3 + 84*u**2 - 81*u + 1. Calculate the remainder when k(41) is divided by 31.
11
Suppose d + 2*d = 9. Suppose d*p - 4*m = -p + 328, 0 = -p - 3*m + 66. What is the remainder when p is divided by 2/(-14) - (-339)/21?
14
Suppose -2*k = -3*u + 27, -4*u + u = -4*k - 51. Let m = k - -28. What is the remainder when (36/m)/3*24 is divided by 10?
8
Let y = -1 - -11. Calculate the remainder when y is divided by (-93)/(-15) + ((-6)/5 - -1).
4
Calculate the remainder when 95 is divided by 13/((-585)/(-2196)) - (-2)/10.
46
Let j(d) = -30*d**2 - 2*d. Let k(b) = b**2 + b. Let z(s) = -j(s) - 3*k(s). What is the remainder when z(-2) is divided by (-35)/(12 + -7)*4/(-1)?
26
Let a = -36 - -46. Suppose 0 + 5 = -5*t. What is the remainder when a is divided by (t/2)/((-4)/24)?
1
Let f(p) = -68*p + 66. Calculate the remainder when f(-5) is divided by 41.
37
Let i be -4*(4 + 21/(-6)). Let m(y) = -2*y**3 + 0*y + 2*y**2 + y - 2*y - 4 + 0*y**3. Calculate the remainder when m(i) is divided by 12.
10
Let d be -1 + 16/(-6) + (-30)/(-45). Let c(y) = -y**2 - 11*y - 5. What is the remainder when c(d) is divided by 1*(-1 - (-12 - 0))?
8
Suppose 4*z - 597 = 1927. Calculate the remainder when z is divided by 7.
1
What is the remainder when (-6237)/165*(-5)/1 is divided by 39?
33
Let c = 13 - 8. Let w(u) = 2*u - 10. Let s be w(c). Suppose s = 5*i - 227 - 8. What is the remainder when i is divided by 8?
7
Suppose 40 + 144 = 2*i. What is the remainder when i is divided by (19/2)/((-1)/(-2))?
16
Suppose -5*t + 45 = -5*r, 3*t = 4*r - 9*r - 5. Suppose t*l = 25 + 45. Calculate the remainder when 17 is divided by l.
3
Let y = -185 + 3311. Calculate the remainder when 9/15 - y/(-15) is divided by 15.
14
Let q(o) = 6*o + 93. Calculate the remainder when 77 is divided by q(-12).
14
Suppose b = 0, 0*b = 3*i + 2*b + 87. Let a = 61 + i. Let m = -9 + a. Calculate the remainder when 90 is divided by m.
21
Suppose -2*p - 39 + 66 = -3*a, 5*p - 70 = 5*a. What is the remainder when 43 is divided by p?
13
Let l(n) = -9*n - 102. Calculate the remainder when 247 is divided by l(-13).
7
Let c(a) = a**2 - 9*a - 5. Let l be c(10). Suppose -4*u + 20 = -d, 4*u - 15 = 2*d + l. What is the remainder when 11 is divided by u?
1
Let k = 4 + 0. Let g be 9/6 + 2/k. Suppose -g*i = 2*f + i - 22, 0 = -4*f - 4*i + 36. What is the remainder when 7 is divided by f?
2
Let j = -40 - -31. Let g(u) = -u**3 - 10*u**2 - 10*u - 3. Calculate the remainder when 14 is divided by g(j).
2
Let g = -64 - -37. Let f = g + 58. Calculate the remainder when f is divided by 11.
9
Let b = 1187 - 1174. Suppose 2*p - 54 = 4*y, 2*y + 0*y = -5*p + 195. Calculate the remainder when p is divided by b.
11
Suppose 2*t - 15 = -3*c, 0 = 2*t - 7*c + 3*c + 20. Suppose t = -0*a + 3*a - 48. Let x = a + -8. Calculate the remainder when 31 is divided by x.
7
Suppose -26 = -2*h + h. Suppose 167*b = 164*b + 303. Calculate the remainder when b is divided by h.
23
Calculate the remainder when 73 is divided by -1 + 184/16 + (-1)/2.
3
Suppose -d + 406 = -8*d. Let h = d - -108. Calculate the remainder when h is divided by 26.
24
Let r(f) = 6*f - 77. Let o(z) = -z**2 - 20*z + 49. Calculate the remainder when r(26) is divided by o(-21).
23
Let u(h) = h**3 - 17*h**2 + 16*h + 45. Calculate the remainder when u(16) is divided by 28.
17
Suppose -12*d + 3*d = 666. Let x = d + 103. What is the remainder when 56 is divided by x?
27
What is the remainder when 125 is divided by 472/52 - (-1)/(-13)?
8
Let b be (-5)/10 - 14/(-4). Let v(h) be the third derivative of 5*h**4/12 + h**3/2 + 8*h**2. Calculate the remainder when v(b) is divided by 9.
6
Suppose 2280 = -19*l + 43*l. Calculate the remainder when l is divided by 36.
23
Suppose 24 = 3*p + 5*p. What is the remainder when 129*((-40)/15 + p) is divided by 39/3 + 4/2?
13
Suppose -5*z - 92 = -3*z. Let i = 80 + z. Calculate the remainder when i is divided by (-10)/(-35) - 262/(-14).
15
Let h be -8*(6/(-4) - -1). Suppose z = r - 2, -3 = h*z - r - 7. What is the remainder when 18 is divided by z/5 + 424/40?
7
Suppose 84 = 3*d - 0*d. Suppose a = 2 + d. Suppose 0 = -3*f + 6*f - a. What is the remainder when 37 is divided by f?
7
What is the remainder when 84 is divided by 840/(-14)*4/24*-2?
4
Suppose -4*q + 11 = t, 6*t + 4*q - 17 = 3*t. What is the remainder when 34/(t/12*2) is divided by 23?
22
Suppose -2*l = -48 - 20. Let s = 11 + -7. What is the remainder when l is divided by s?
2
Let c(y) = -2*y - 26. Let p be (-6)/(9/24*1). Let i = -24 - -46. What is the remainder when i is divided by c(p)?
4
Let m(n) = -n**2 - 5*n + 2. Let z be m(-5). Let l(x) = 6*x + z*x - 13 - 6*x - 7*x. Calculate the remainder when 65 is divided by l(-7).
21
Let y = -22 - -22. Suppose -r - 3*i - 145 = -2*r, y = -2*r + 4*i + 284. What is the remainder when r is divided by 23?
21
What is the remainder when 9/4*8/(-33)*-11 is divided by 1/(2 + (-9)/5)?
1
Let g(y) = -25*y + 137. What is the remainder when g(-10) is divided by 15?
12
Suppose -5*y + 1 = -4, 0 = 5*b - y - 144. Suppose -101 - 60 = -7*z. Suppose -420 = -z*m + 18*m. Calculate the remainder when m is divided by b.
26
Suppose 29 = -4*q + 5. Let r be -93*((-8)/q)/(-1). Suppose 22 = k - 2*x, 0 = -5*k - 2*x + 5*x + r. Calculate the remainder when k is divided by 7.
5
Suppose 5*q - 1164 = -2*r, 3*q - 378 - 308 = 5*r. Calculate the remainder when q is divided by 17.
11
Let p(m) = 14*m - 2. Let o be (-2)/(((-2)/1)/(-6)). What is the remainder when p(6) is divided by 18 + o*((-6)/(-9))/1?
12
Suppose 10*z + 77 = 9*z. Let u = z - -115. What is the remainder when 75 is divided by u?
37
Let b(h) = -h**2 - h + 3. Let o be b(0). Suppose -53 = -4*m + o*n, 1 + 28 = 4*m + 5*n. Let k = m + 34. What is the remainder when k is divided by 24?
21
Suppose v - 4*v = 2*u - 56, 0 = -4*v + 8. Let a = 96 - 91. Suppose 5 + u = a*x. What is the remainder when 16 is divided by x?
4
Let h be 3/(2 - 5) - -4. Calculate the remainder when 185 is divided by (6/h - 162/24)*-8.
33
Let p be 0/(0 + 4/(-2)). Suppose w + 4*f - 39 = p, -4*f = -5*w - 0*w + 219. Suppose 0 = -3*z + w + 5. Calculate the remainder when z is divided by 6.
4
Let u(w) = -w**2 - 39*w - 9. What is the remainder when 138 is divided by u(-38)?
22
Suppose 6 = -z + 19. What is the remainder when 1 - (-16 + (-20)/5) is divided by z?
8
Let o = 11 - 8. Suppose 2*m = -n - 200, -2*n + o*n = 3*m + 300. Let c = 156 + m. What is the remainder when c is divided by 19?
18
Let g = -387 + 464. What is the remainder when g is divided by 22?
11
Let b be 1*((-1308)/28 - (-4)/(-14)). Let k = -45 - b. Calculate the remainder when k is divided by 1.
0
Suppose 14*q = 46*q - 39648. Calculate the remainder when q is divided by 18.
15
Let m be (8/(-5))/2*-5. Suppose d + m = 2*d. Suppose -4*z + d*g = -g - 139, -z + 21 = -4*g. Calculate the remainder when z is divided by 11.
8
Suppose 20 = -43*o + 44*o. Let h = 548 - 378. Let u = h + -92. What is the remainder when u is divided by o?
18
Let q(s) = -s**3 - 24*s**2 + 53*s + 33. Calculate the remainder when 27 is divided by q(-26).
6
Let l = 1083 + -1005. Suppose 0 = -5*z + 3*t + 109, 8*z - 3*z - 106 = 2*t. What is the remainder when l is divided by z?
18
Suppose -v + 14 = -4. Let b = 681 - 635. What is the remainder when b is divided by v?
10
Suppose 6*w = 3*w - 2*y - 191, -69 = w - 2*y. Let t = w + 100. Let v(u) = -u**3 + 11*u**2 + 2*u - 10. What is the remainder when t is divided by v(11)?
11
Suppose 0 = -2*k - 46 - 6. Let g = k + 41. What is the remainder when g is divided by 6?
3
Let j be 6/4 + (-5)/(-10). Calculate the remainder when 94/8 + (-18)/(-8) + -2 is divided by j + (-4)/2 + 3.
0
Let y(z) = 3*z**2 + 5*z + 1. Let n be y(-4). Suppose -5*g + 2*q = 5 + n, 2*q = -2*g - 8. What is the remainder when 114/27 - g/(-27) is divided by 2?
0
Let g(h) = -h**3 - 3*h**2 + h - 4. Let s be g(-4). Suppose x - 5 = -s. Let q = 2 - x. What is the remainder when q is divided by 2?
1
Let q = -31 + 55. Calculate the remainder when 50 is divided by 4*(2 - (-66)/q).
12
Suppose 4*z - 51 + 19 = 0. Calculate the remainder when 7/(175/10)*55 is divided by 